e the greatest common divisor of 14378430 and 66.
66
What is the greatest common factor of 19026 and 308493906?
6342
Calculate the greatest common divisor of 1642143 and 1481673.
5349
Calculate the highest common factor of 2031168 and 5364.
1788
What is the highest common divisor of 843202 and 41429?
2437
Calculate the highest common factor of 1113 and 225197.
371
What is the greatest common divisor of 239580 and 16980?
60
What is the greatest common divisor of 2096259 and 65747?
1529
What is the highest common factor of 1020 and 5897355?
15
Calculate the highest common factor of 16887 and 70395.
39
What is the highest common factor of 896 and 96496064?
448
Calculate the highest common factor of 68 and 1707388540.
68
What is the highest common divisor of 106386 and 112942?
298
Calculate the highest common factor of 6205 and 37470535.
365
What is the highest common factor of 183017427 and 6?
3
Calculate the highest common factor of 1092 and 110082.
42
What is the greatest common factor of 76235 and 2166425?
965
What is the highest common divisor of 174 and 67738374?
174
Calculate the highest common divisor of 16478560 and 320.
160
What is the greatest common factor of 133608555 and 216?
27
What is the highest common factor of 17840376 and 2232?
2232
What is the greatest common divisor of 791594 and 17427?
157
What is the greatest common factor of 33149899 and 893?
47
What is the highest common divisor of 27704079 and 468?
117
What is the highest common divisor of 35 and 241179533?
7
What is the highest common factor of 555408 and 71862?
1218
What is the greatest common divisor of 3034981112 and 8?
8
Calculate the greatest common factor of 27923 and 58079.
7
What is the greatest common factor of 6608 and 954352?
112
What is the greatest common factor of 8771 and 10273347?
1253
Calculate the greatest common divisor of 898 and 12331336.
898
Calculate the greatest common factor of 4424268 and 84.
12
What is the highest common factor of 1113 and 98902293?
1113
What is the greatest common factor of 585527 and 4591111?
2069
What is the greatest common divisor of 1930 and 12843185?
965
What is the greatest common divisor of 53105 and 12169?
43
Calculate the greatest common divisor of 4880608 and 32.
32
Calculate the highest common factor of 4690 and 60070190.
670
What is the greatest common divisor of 2937 and 88824759?
267
Calculate the greatest common divisor of 358 and 2888523.
179
Calculate the greatest common divisor of 368293424 and 48.
16
Calculate the greatest common divisor of 16029427 and 4184.
523
Calculate the greatest common divisor of 4483643 and 7774.
23
Calculate the highest common divisor of 1748 and 17149628.
1748
Calculate the greatest common factor of 8047025 and 17150.
1225
Calculate the greatest common divisor of 6273 and 13446.
9
What is the greatest common divisor of 5284 and 4701439?
1321
What is the highest common factor of 40734618 and 15822?
1758
What is the highest common divisor of 560684217 and 669?
669
Calculate the highest common factor of 134387696 and 16.
16
Calculate the greatest common factor of 156 and 36409386.
78
Calculate the highest common divisor of 6660 and 9962657.
37
Calculate the greatest common divisor of 266 and 3086854.
38
What is the highest common divisor of 282930 and 16?
2
Calculate the greatest common divisor of 76099517 and 169.
169
Calculate the highest common divisor of 39837 and 1581285.
813
Calculate the greatest common factor of 27088 and 616.
8
Calculate the greatest common divisor of 374 and 2932466.
34
Calculate the highest common factor of 1080744 and 12936.
1176
What is the greatest common divisor of 1004195 and 88219?
1877
What is the greatest common divisor of 77 and 851573877?
77
Calculate the greatest common divisor of 844629 and 18147.
69
Calculate the highest common divisor of 75 and 2461190475.
75
What is the greatest common factor of 9648 and 511056?
144
Calculate the highest common divisor of 21504 and 30520320.
3072
Calculate the greatest common divisor of 101387125 and 100.
25
Calculate the highest common factor of 1367 and 553849619.
1367
What is the greatest common factor of 234316224 and 21846?
1986
What is the highest common divisor of 48944 and 15203?
23
Calculate the highest common factor of 304 and 2193284.
76
What is the greatest common factor of 86875638 and 3116?
1558
Calculate the highest common factor of 6916874 and 190.
38
What is the highest common factor of 2157108 and 988?
76
Calculate the highest common divisor of 227088 and 26181354.
9462
What is the highest common divisor of 157318 and 65926?
238
Calculate the highest common divisor of 50341912 and 174.
58
What is the greatest common factor of 105866546 and 19610?
3922
Calculate the highest common divisor of 344 and 72464804.
172
What is the highest common divisor of 165 and 1672185?
15
Calculate the greatest common factor of 1304856 and 4122.
18
What is the highest common factor of 6410 and 1030?
10
What is the highest common factor of 357 and 1506812?
17
Calculate the highest common factor of 17865415 and 285.
95
What is the highest common divisor of 17 and 72937429?
17
What is the highest common divisor of 1180674 and 38181?
2937
What is the highest common divisor of 13 and 243588566?
13
Calculate the greatest common factor of 55599 and 8643.
129
What is the highest common factor of 13410276 and 264?
132
Calculate the highest common factor of 24718 and 13668.
34
What is the greatest common divisor of 49662 and 417766?
178
What is the greatest common divisor of 6 and 1025137812?
6
What is the greatest common factor of 36085446 and 27?
27
Calculate the highest common divisor of 416071766 and 418.
418
What is the highest common divisor of 14274 and 3077406?
18
Calculate the highest common factor of 7420611 and 11990.
1199
Calculate the greatest common divisor of 51891 and 1941853.
353
What is the highest common divisor of 2859647 and 15290?
139
Calculate the greatest common factor of 277220 and 56855.
415
What is the highest common factor of 59291 and 57814?
211
What is the greatest common divisor of 13139925 and 37050?
1425
What is the highest common divisor of 261 and 1362739?
29
What is the greatest common divisor of 48 and 252312828?
12
What is the highest common divisor of 178724910 and 273?
273
Calculate the highest common divisor of 427614 and 1221.
33
Calculate the greatest common divisor of 12576 and 70762008.
3144
What is the greatest common divisor of 4932 and 2191212?
36
Calculate the highest common divisor of 56170 and 49330.
10
What is the highest common divisor of 26588906 and 21346?
1642
What is the highest common factor of 8980464 and 187910?
1634
What is the greatest common divisor of 249 and 317927101?
83
Calculate the greatest common factor of 19348396 and 14162.
194
Calculate the greatest common factor of 459 and 3523641.
51
What is the highest common divisor of 3060 and 1044594?
18
Calculate the highest common divisor of 485260 and 24053572.
5108
Calculate the greatest common factor of 1414049 and 637.
91
What is the greatest common divisor of 27045 and 161910?
45
What is the highest common divisor of 4124960 and 1524?
508
What is the highest common factor of 11332536 and 168?
24
Calculate the highest common factor of 186948 and 12246825.
1731
What is the highest common factor of 764951100 and 596?
596
Calculate the highest common divisor of 212572437 and 11172.
2793
What is the highest common factor of 42999232 and 31?
31
Calculate the greatest common divisor of 74 and 1269151097.
37
Calculate the highest common factor of 21058013 and 1577.
83
What is the highest common divisor of 6 and 6413832?
6
Calculate the highest common divisor of 26097801 and 943.
23
What is the greatest common divisor of 10616889 and 6873?
237
Calculate the greatest common divisor of 20704874 and 106.
106
What is the highest common factor of 678 and 21009638?
226
What is the greatest common divisor of 1206567 and 274446?
711
Calculate the highest common divisor of 67575 and 25909275.
1275
What is the highest common divisor of 3505344 and 5952?
192
Calculate the greatest common factor of 39915 and 1904310.
45
Calculate the highest common divisor of 62450058 and 1864.
466
What is the greatest common divisor 